late 10 + 2 - (-6 + 9 - 6).
15
-10 + (14 - 28) - -30
6
What is 7 + -9 + 5 - (1 + (-1 - 1))?
4
-1 - (-12 + (2 - -8 - -5))
-4
What is the value of (1 - 12 - (1 + 2)) + -78 + 80?
-12
What is the value of (-49 - -23) + -23 - -27?
-22
Evaluate (-35 - -64 - (-7 + 0)) + -14.
22
What is the value of -13 - -20 - (2 + 3)?
2
Evaluate (11 - 3) + (-4 - 3) + (-2 - -1).
0
-10 - (-10 - (-9 - -8))
-1
Calculate (12 - 13 - (21 + -1)) + (-2 - -9).
-14
Evaluate -8 - (-2 + 8 + 4 - 18).
0
Calculate (0 - ((-5 - -17) + -12)) + 15.
15
What is the value of -194 + 207 - (2 + 0 - 3)?
14
Evaluate -5 + 21 + -30 - (-7 - 3).
-4
Calculate -16 + 1 + (2 - 0) + -18 + 9.
-22
What is 2 - -39 - ((-16 - -20) + -2 + -1)?
40
What is -10 + -12 - -38 - 26?
-10
What is -53 - -57 - (5 - -23 - 3)?
-21
What is 22 + -9 + -2 + (-4 - 2) - -7?
12
What is the value of -6 - (5 + 3 + -26) - 8?
4
Calculate 15 + (14 + -20 - 1).
8
Calculate 1 + 41 - (0 - (-13 + -11 + 13)).
31
(8 + -29 - 3) + 14
-10
(-18 - -2 - -18) + -13 - 19
-30
What is the value of (-15 - -16) + (4 - (-9 - -28)) + -4?
-18
Evaluate 3 + 1 + 2 + -3 + 5 + 1.
9
What is -202 + 216 - ((0 - 0) + 21)?
-7
Calculate (-20 - -20) + 9 - 23.
-14
What is -18 + -5 - (-27 + 16)?
-12
What is the value of -3 - (9 - (16 + 8) - -4)?
8
Calculate (-26 - -15) + 0 + -9.
-20
-3 - (-2 + 16) - (18 + -25 - 4)
-6
41 + -45 + (9 - (-3 + -1))
9
Evaluate (0 + 17 - 7) + 0 + -19.
-9
Calculate -1 - ((-1 - (-4 + -1)) + 28 + -27).
-6
What is (3 - -2) + -15 + 2 + 2 + -5?
-11
What is the value of (-37 - (-24 - -19)) + 2?
-30
What is the value of -5 - (5 + 11 + -11)?
-10
(18 - 22) + (0 - -5) - 0 - -28
29
What is the value of -52 - -16 - (-23 - -5)?
-18
-1 + (9 - 4) - -4
8
Evaluate (4 - -1) + (34 + -18 - 19) + 8.
10
26 + -33 + 5 + 4 + (6 - -7)
15
Calculate 8 - (-6 - 2 - (-4 + 7) - -3).
16
What is the value of -5 + 26 + (-15 - -12)?
18
(5 + -2 - -3) + -140 + 145
11
-13 + 19 + (10 - 19)
-3
What is (13 - 9) + (1 - 2) + -18?
-15
-15 + (5 - -38) - 51
-23
What is -2 + -25 + -152 + 166?
-13
What is the value of -6 + -33 - ((-7 - 8) + -1 + 7)?
-30
What is the value of 1 - -1 - (-20 + (9 - 0) - -18)?
-5
What is the value of -28 + (-2 - -17 - -3) - 17?
-27
What is the value of -7 + 8 + 5 + (-8 - -4) - -23?
25
What is -1 - 2 - (149 - 166)?
14
Calculate (16 - (3 - (0 + 3))) + 0.
16
What is 9 + -2 - (-10 + 7 + 1)?
9
-51 + 1 - (-319 + 305) - -11
-25
Calculate 1 - (-2 + -4 + 11 + -2).
-2
What is 22 - 20 - (-2 + 2)?
2
18 + -31 + 4 - -11
2
What is the value of -4 - (-2 - -8 - -2)?
-12
What is -2 + 0 + 4 + -1 + -4?
-3
Evaluate 12 + (13 - 16) + 3.
12
What is the value of 5 - 1 - (-26 - -5 - -37)?
-12
What is the value of 2 + (-5 - 0) - (19 + -40 - -16)?
2
Evaluate 73 + -85 + 0 + 22 - 20.
-10
Calculate 10 + (-52 - (38 + -83)).
3
(-17 - -19) + -35 + 37
4
Evaluate (8 - -3) + -4 - (-5 + 10).
2
Calculate -20 - (15 + 0 + -21).
-14
Evaluate 1 + -5 + (-8 - (-7 + -3)).
-2
What is -23 + (-18 - -35) + -6?
-12
Calculate 13 - (2 + (12 - 10) + 0 + -1).
10
Evaluate -26 + 6 + -23 + 10.
-33
What is -4 + (-13 - (-24 - -9) - (-16 - 0))?
14
(-13 - -37 - 1) + (-5 - 1)
17
Evaluate (2 - (-5 - -4 - -1)) + -1 + -5.
-4
Evaluate 0 - ((16 - 31) + 8).
7
Evaluate 2 - (-1 + 1) - 1 - (28 - 19).
-8
(10 - (47 + -21)) + -11
-27
14 + -8 + 10 + -8
8
Evaluate 1 + (-4 - 10 - -6) + -17.
-24
-33 + 22 - ((-7 - -5) + -10)
1
What is the value of -1 - (0 + (2 - 14) - 5)?
16
Evaluate (12 - 17) + 16 + 5.
16
What is the value of 10 - 7 - (-6 + -1) - (119 - 128)?
19
0 + 35 + -11 + -8 + (30 - 11)
35
Evaluate 0 - (-3 + 13) - -23 - 30.
-17
What is -282 - -300 - (-2 - (-10 + -1))?
9
What is (-1 - -1) + -4 + 10 - (4 + 11)?
-9
Evaluate -6 + 6 - 2 - -2 - -4 - 27.
-23
Calculate 13 - (2 - 13) - 47.
-23
What is the value of -8 + 7 + 3 + 6 + 1?
9
Evaluate (-3 + 6 - 26 - -11) + 14.
2
What is the value of (-19 + 8 - -13) + (1 - 2) + -2?
-1
9 + -3 + (0 - (6 - -9))
-9
Evaluate (1 - 1 - 7) + (59 - 9 - 45).
-2
What is the value of -21 - -40 - 32 - -19?
6
Calculate 32 + (2 + -22 + 2 - (-13 - -4)).
23
Evaluate 61 + -69 + (2 - -15).
9
What is 1 + 35 + 86 + -105?
17
Calculate (-9 - (-1 + -1)) + -3.
-10
(5 + -3 - -8) + (-6 - -6 - -3)
13
What is the value of 4 + (-5 - (-5 - -11)) + -12 + 5?
-14
What is the value of -87 + (65 - 7) + (1 - (-1 - 3))?
-24
1 + (7 - (-2 + (-11 + 6 - 0)))
15
Evaluate 10 - (11 - (-2 - -16)).
13
Calculate (-28 + -2 - -28) + -12.
-14
Evaluate 2 + 30 + -13 + 10.
29
What is -12 - -4 - (5 - 24)?
11
What is 2 + -7 + 23 + -10?
8
What is -1 - 3 - (67 + -63)?
-8
What is the value of (1 - -8) + -29 - (1 - 4)?
-17
Calculate 1 + (-12 + -8 + 11 - -6 - 8).
-10
(-166 - -197) + -3 + -17
11
Calculate 1 + -3 + 8 - (-16 + 3).
19
What is the value of (25 - 15) + -23 + 4?
-9
Evaluate (15 + -25 - -7) + 4 - (-2 + 0).
3
What is 3 + (4 - -3) + -43 + 40?
7
Calculate 18 + -2 + 1 + -4.
13
-8 + 15 - (-3 + 5 + 4) - -1
2
Evaluate (-21 - -46 - 18 - (5 + -1)) + 1.
4
5 + 27 + 15 + -20
27
What is 22 + -6 + (-40 - -33)?
9
What is 27 + (-79 - -12) + 18?
-22
(-9 + 2 - (8 + -13 - -4)) + 18
12
What is 47 + (-3 - 61) + 20?
3
Calculate (-5 + 2 - 2 - 6) + (8 - 7).
-10
Evaluate 2 + -7 + -3 + -3.
-11
What is the value of 9 - (-9 + -1 + 5 - 0)?
14
Calculate 81 - 80 - ((18 - 2) + -4).
-11
What is the value of -34 + (10 - -6) - (-6 - 1)?
-11
What is the value of 15 + 10 + -10 + -9?
6
4 + 0 - (23 + -35 + 10)
6
What is 9 - 24 - (-3 + 3 + -3 - -5)?
-17
What is -5 + 7 - (11 + -2 + -11)?
4
What is the value of (-849 - -858) + 2 + (2 - 1)?
12
Evaluate -5 + 7 - (117 + -109 + (1 - 3)).
-4
Evaluate -28 + (-19 - -59) + -7.
5
Evaluate 53 + -35 + -15 + 2.
5
Evaluate 3 + (-8 - -9) + 4 + -18.
-10
What is the value of -4 + (-7 - -4) - (-131 + 150)?
-26
(-12 - (-7 + (0 + 7 - 4))) + -4
-12
What is the value of -1 + -16 + -605 + 611?
-11
What is the value of 3 + -5 + 2 + 30 + -22?
8
Evaluate 5 - (0 - (-5 - (2 - 5))).
3
What is the value of -43 - ((-1 - -4) + -4 + (30 - 40))?
-32
Evaluate (-9 + 1 + 8 - -7) + 1.
8
What is the value of -3 - (-10 + 2 + 19)?
-14
What is the value of -26 + (3 - 14 - -2) + 17?
-18
What is (-8 - -13) + -20 + (17 - 27)?
-25
-9 + (-15 - -6 - -6) + 3
-9
What is -50 + 32 + 20 + -5?
-3
Calculate 23 + -23 + -22 + 22.
0
What is -1 - (3 - 15) - (5 - 7)?
13
Evaluate (1 + (-1 - -7) - 9) + -1 + 7.
4
Calculate -133 + 159 - (42 + 4).
-20
Evaluate (25 - 2 - -2) + (-411 - -402).
16
What is the value of (-32 - (37 - 52)) + 52 + 0?
35
What is (74 - 74) + (-2 - 1) + 11 + -14?
-6
Calculate 6 + (-12 - -11) + 0.
5
-24 + 35 - (9 - 3 - 22)
27
Evaluate 14 + ((19 - 13) + -4 - -3).
19
Evaluate 550 + -554 + (4 + -5 - (-1 + -2)).
-2
8 - (-2 - (3 - (10 - (-3 - -2))))
2
Evaluate (3 - -20) + 2 - 23.
2
What is the value of (28 + -10 - -4) + (-1 - 8)?
13
What is the value of 9 + (-4 - (6 - 4)) + 6 - 1?
8
What is -7 + (-3 + -8 - (8 + -13) - -27)?
14
What is the value of 2 + 9 + (178 + -151 - (0 + 16))?
22
1 + 3 + -25 + 16
-5
-7 + -2 + -2 + 5 + 1 + 4
-1
Evaluate 4 - 8 - -6 - (20 - (-2 + 12)).
-8
45 + -19 + 0 + -8
18
What is 15 - (1 + (0 - -1)) - (28 + -21)?
6
What is the value of -11 - ((-20 - 6) + -1 - (12 - 13))?
15
What is -45 + 50 + 32 - (11 - 1)?
27
Calculate (5 - 5 - -2) + 3 - 25.
-20
What is (-13 + 40 + -15 - (-1 + 3)) + 5?
15
What is the value of 14 - (-2 + 8 - 1)?
9
Evaluate -18 + 6 - 15 - -32.
5
Calculate (2 - 13) + (23 - 4 - 26).
-18
Calculate 7 + -11 + 18 + (-3 - 0) - 6.
5
-4 + 5 + 1 - (-1 - (-1 - -4))
6
What is 14 - (16 + -19 + 10)?
7
What is the value of (1 - 1 - (46 - 24 - 29)) + 23?
30
Calculate -27 - (3 - (7 + 12)).
-11
What is the value of -15 + 1 - (-35 + 42)?
-21
What is the value of (-6 - 0 - (-4 + 33 - 36)) + -7?
-6
2 - (-2 - -6) - -8
6
What is the value of 3 + (18 - 13) + (-5 - 31)?
-28
Calculate -14 - (29 - (18 + 7 + -5)).
-23
(0 - (47 + (5 - 15))) + 9
-28
22 - 3 - (4 + 21)
-6
-1 + 8 + (5 - 18 - -23)
17
What is 35 + (3 + -2 + -3 - (11 + -6))?
28
Calculate -14 + (11 - -2) + 3 + 2 + 0.
4
Evaluate (0 - 1 - -5) + (61 - 65).
0
What is the value of -4 + -9 + 11 + 1?
-1
-25 + (30 - 15 - -4)
-6
What is the value of (18 - 13 - (-10 - -5)) + -6?
4
9 + (-5 - (5 - 4) - 1) - 0
2
Evaluate (5 - (3 + -9 + 8)) + 6 + -2.
7
14 + (7 + -3 - 7) + 7
18
What is the value of 8 + 16 + (9 - (-1 + -1 + 12))?
23
5 + 1 + 10 + -34 + 7
-11
What is the value of 10 - (15 - 11 - -12)?
-6
Evaluate -1 + (10 - 5) - -15.
1